{"id":50,"date":"2015-06-22T12:31:09","date_gmt":"2015-06-22T10:31:09","guid":{"rendered":"http:\/\/m91.corsidistudio.unina.it\/?page_id=50"},"modified":"2024-10-22T18:15:48","modified_gmt":"2024-10-22T16:15:48","slug":"tesi","status":"publish","type":"page","link":"https:\/\/m91.corsidistudio.unina.it\/?page_id=50","title":{"rendered":"Tesi"},"content":{"rendered":"<h1 style=\"text-align: justify\"><span style=\"color: #993366\"><strong>Esame finale<\/strong><\/span><\/h1>\n<p style=\"text-align: justify\"><span style=\"color: #993366\"><em><strong>Attivit\u00e0 formative per la prova finale<\/strong><\/em><\/span><\/p>\n<p style=\"text-align: justify\">L<span style=\"color: #333399\">o Studente ha la disponibilit\u00e0 di 5 crediti finalizzati alla preparazione della Tesi di Laurea presso strutture deputate alla formazione. Tale attivit\u00e0 dello Studente viene definita \u201cInternato di Laurea\u201d. Lo Studente deve presentare al CdCL una formale richiesta corredata del proprio curriculum (elenco degli esami sostenuti e voti conseguiti in ciascuno di essi, elenco delle attivit\u00e0 opzionali seguite, stages in laboratori o cliniche o qualsiasi altra attivit\u00e0 compiuta ai fini della formazione) non meno di 6 mesi prima dell\u2019esame di Laurea. Il CdCL sentiti i Docenti del CdL afferenti alla struttura, e verificata la disponibilit\u00e0 di posti, accoglie la richiesta ed affida ad un Docente-Tutore, eventualmente indicato dallo Studente, la responsabilit\u00e0 del controllo e della certificazione delle attivit\u00e0 svolte dallo Studente stesso nella struttura.<\/span><\/p>\n<p style=\"text-align: justify\"><span style=\"color: #993366\"><em><strong>Esame di Laurea <\/strong><strong>\u00a0<\/strong><\/em><\/span><\/p>\n<p style=\"text-align: justify\"><span style=\"color: #333399\">Per essere ammesso a sostenere l\u2019Esame di Laurea, lo Studente deve : aver seguito tutti i Corsi ed avere superato i relativi esami;\u00a0 avere ottenuto, complessivamente 115 CFU;\u00a0 avere consegnato alla Segreteria Studenti : a) domanda al Rettore e una copia della Tesidi Laurea in formato elettronico almeno 15 giorni prima della seduta di Laurea. L\u2019esame diLaurea si svolge nelle sessioni indicate dal Regolamento Didattico di Ateneo. La composizione della Commissione per l\u2019 esame di Laurea \u00e8 conforme all\u2019 Art. 6 del DPR 2\/1\/2001. L\u2019esame di Laurea consiste nella redazione e discussione di un elaborato (Tesi di Laurea) di natura teorico-applicativa o sperimentale. La richiesta della Tesi di Laurea da parte dello Studente deve essere formulata al Docente-Relatore almeno sei mesi prima della seduta di Laurea. A determinare il voto di laurea, espresso in centodecimi, contribuiscono i seguenti parametri: a.la media aritmetica dei voti conseguiti negli esami curriculari\u00a0 fino ad un massimo di 110 punti; b.i punti attribuiti dalla Commissione di Laurea in sede di discussione della tesi, fino ad un massimo di 7, con criteri e modalit\u00e0 stabiliti ad hoc dal CdCL. Il voto complessivo, determinato dall\u2019elaborazione dei punteggi previsti dalle voci \u201ca \u2013 b\u201d, viene arrotondato per eccesso o per difetto al numero intero pi\u00f9 vicino. La lode pu\u00f2 venire attribuita con parere unanime della Commissione ai candidati che conseguano un punteggio finale di 110 punti. L\u2019esame si ritiene superato con il conseguimento della votazione complessiva minima pari a 66\/110.<\/span><\/p>\n<p>\u00a0<img loading=\"lazy\" decoding=\"async\" class=\" wp-image-498 aligncenter\" src=\"http:\/\/m91.corsidistudio.unina.it\/wp-content\/uploads\/sites\/25\/2015\/06\/Universit\u00e0-italiana-studenti-stranieri-300x194.jpg\" alt=\"Universit\u00e0-italiana-studenti-stranieri\" width=\"352\" height=\"228\" srcset=\"https:\/\/m91.corsidistudio.unina.it\/wp-content\/uploads\/sites\/25\/2015\/06\/Universit\u00e0-italiana-studenti-stranieri-300x194.jpg 300w, https:\/\/m91.corsidistudio.unina.it\/wp-content\/uploads\/sites\/25\/2015\/06\/Universit\u00e0-italiana-studenti-stranieri-624x404.jpg 624w, https:\/\/m91.corsidistudio.unina.it\/wp-content\/uploads\/sites\/25\/2015\/06\/Universit\u00e0-italiana-studenti-stranieri.jpg 640w\" sizes=\"auto, (max-width: 352px) 100vw, 352px\" \/><\/p>\n<p><strong><a href=\"http:\/\/m91.corsidistudio.unina.it\/wp-content\/uploads\/sites\/25\/2015\/06\/TESI-di-Laurea-Indicazioni1.doc\">TESI-di-Laurea-Indicazioni<\/a><\/strong><\/p>\n<p>Nel rammentarvi che le prenotazioni degli studenti per le lauree in<br \/>\noggetto vanno effettuate dal 1 a 15 del mese PRECEDENTE ALLA LAUREA,<br \/>\nsperando di farvi cosa gradita, vi allego alla presente il modulo di<br \/>\nprenotazione dell&#8217;esame di laurea,<\/p>\n<p><a href=\"http:\/\/m91.corsidistudio.unina.it\/wp-content\/uploads\/sites\/25\/2023\/09\/Modellolaureaaltri-cdl-uv.doc\">Modellolaureaaltri cdl uv<\/a><\/p>\n<p>&nbsp;<\/p>\n<h5><span style=\"text-decoration: underline\"><strong><a href=\"http:\/\/m91.corsidistudio.unina.it\/wp-content\/uploads\/sites\/25\/2015\/06\/Norme-da-osservare-in-occasione-delle-sedute-di-laurea1.pdf\">Norme da osservare in occasione delle Sedute di Laurea<\/a><\/strong><\/span><\/h5>\n<p>&nbsp;<\/p>\n<p>&nbsp;<\/p>\n<p>&nbsp;<\/p>\n","protected":false},"excerpt":{"rendered":"<p>Esame finale Attivit\u00e0 formative per la prova finale Lo Studente ha la disponibilit\u00e0 di 5 crediti finalizzati alla preparazione della Tesi di Laurea presso strutture &#8230; <\/p>\n","protected":false},"author":3,"featured_media":781,"parent":42,"menu_order":0,"comment_status":"open","ping_status":"open","template":"page-fullwidth.php","meta":{"footnotes":""},"class_list":["post-50","page","type-page","status-publish","has-post-thumbnail","hentry"],"_links":{"self":[{"href":"https:\/\/m91.corsidistudio.unina.it\/index.php?rest_route=\/wp\/v2\/pages\/50","targetHints":{"allow":["GET"]}}],"collection":[{"href":"https:\/\/m91.corsidistudio.unina.it\/index.php?rest_route=\/wp\/v2\/pages"}],"about":[{"href":"https:\/\/m91.corsidistudio.unina.it\/index.php?rest_route=\/wp\/v2\/types\/page"}],"author":[{"embeddable":true,"href":"https:\/\/m91.corsidistudio.unina.it\/index.php?rest_route=\/wp\/v2\/users\/3"}],"replies":[{"embeddable":true,"href":"https:\/\/m91.corsidistudio.unina.it\/index.php?rest_route=%2Fwp%2Fv2%2Fcomments&post=50"}],"version-history":[{"count":67,"href":"https:\/\/m91.corsidistudio.unina.it\/index.php?rest_route=\/wp\/v2\/pages\/50\/revisions"}],"predecessor-version":[{"id":1318,"href":"https:\/\/m91.corsidistudio.unina.it\/index.php?rest_route=\/wp\/v2\/pages\/50\/revisions\/1318"}],"up":[{"embeddable":true,"href":"https:\/\/m91.corsidistudio.unina.it\/index.php?rest_route=\/wp\/v2\/pages\/42"}],"wp:featuredmedia":[{"embeddable":true,"href":"https:\/\/m91.corsidistudio.unina.it\/index.php?rest_route=\/wp\/v2\/media\/781"}],"wp:attachment":[{"href":"https:\/\/m91.corsidistudio.unina.it\/index.php?rest_route=%2Fwp%2Fv2%2Fmedia&parent=50"}],"curies":[{"name":"wp","href":"https:\/\/api.w.org\/{rel}","templated":true}]}}